a multiple of 2?
False
Let c(z) = z + 1. Let a be c(3). Let f(m) = -m**3 + 1. Let h(u) = -4*u**3 - 5*u**2 + 5. Let t(j) = 5*f(j) - h(j). Is 8 a factor of t(a)?
True
Let m(n) = -n**2 - 7*n + 4. Let l(g) = -6*g**2 - 36*g + 19. Let k(v) = 2*l(v) - 11*m(v). Let y be k(5). Is 5 a factor of (-62)/(-6) - (-2)/y?
True
Let k(s) = s**3 - 3*s + 7*s - 2*s + 8 + 6*s**2. Let o be k(-6). Is ((-2)/o)/((-2)/(-72)) a multiple of 9?
True
Let t(q) = 1 + 1 + 2*q**2 + 3*q + 2*q + 2. Does 3 divide t(-3)?
False
Suppose -8 = 7*o - 3*o, 5*g - 72 = -4*o. Is 8 a factor of g?
True
Suppose -2*w + 11 = -5*p + 4*p, 0 = 4*w + 5*p - 1. Suppose -89 = w*a - 297. Is 22 a factor of a?
False
Is -1 + 0 + ((-157)/(-1) - -6) a multiple of 10?
False
Suppose -w - h - 47 - 7 = 0, 0 = -w - 4*h - 51. Let k = w + 35. Is 11 a factor of k/(-8)*132/15?
True
Let j be 15/(-3) - -3 - -4. Is (-55)/(-4) + j/8 a multiple of 6?
False
Let f be (-10)/(-2)*2/(-2). Let q be (13 - -1)/(-1) - (5 - 2). Let o = f - q. Does 6 divide o?
True
Is 16 a factor of (0 - -2)*(5 + 11)?
True
Let y be 37/4 + (-3)/(-4). Let p be 502/y + (-4)/20. Suppose 3*v - v - p = 0. Is 11 a factor of v?
False
Suppose 3*g - 2*g = -5*s - 46, 3*g + s + 152 = 0. Let j = -5 - g. Is 23 a factor of j?
True
Let w(o) = 5*o**2 + o - 4. Is w(-2) a multiple of 14?
True
Let o(z) = z**3 - 3*z**2 - 4. Let j be o(3). Is 13 a factor of j/26 - (-513)/39?
True
Suppose -7*d + 1333 = 465. Is d a multiple of 31?
True
Let f(o) = 4*o - 5. Let u be f(2). Suppose -p + u*p - 40 = 0. Is p a multiple of 4?
True
Let o(b) = 31*b**2. Does 11 divide o(-1)?
False
Let d(m) = -5*m - 1. Let g be d(1). Let n = g - -20. Does 12 divide n?
False
Suppose -2*k - 4 = 5*u, -3*k + 6*k - 2*u - 13 = 0. Suppose 2*z - 3 = k. Suppose 3*j + 22 = a - j, z*j - 202 = -5*a. Is a a multiple of 16?
False
Let a(j) = -34*j - 3. Is 11 a factor of a(-2)?
False
Let h be (-5)/(10/16)*-2. Let d = -6 + h. Is 10 a factor of d?
True
Suppose w - 5 - 13 = 3*c, 2*c + 42 = 4*w. Is w a multiple of 2?
False
Let u be ((-6)/(-4))/((-3)/30). Let m be (u/(-2))/(3/30). Is m/(-2)*(-4)/5 a multiple of 13?
False
Let d(t) = 4*t - 3. Let k be d(11). Let j = k - 5. Is 14 a factor of j?
False
Let d(x) = -x**2 - 3*x + 2. Let v be d(-3). Suppose v*i = -5*p + 59, i - 4*p = -3*i + 104. Is 26 a factor of i?
False
Let t(x) = -30*x**3 - x**2. Let l(f) = -f**2 + 2*f - 1. Let q(o) = -4*o**2 + 8*o - 4. Let a(s) = 9*l(s) - 2*q(s). Let y be a(2). Is t(y) a multiple of 13?
False
Let o(t) = -t**3 - 6*t**2 + t - 15. Is o(-8) a multiple of 21?
True
Let v = -30 + 49. Does 3 divide v?
False
Suppose -3*q = -2 - 4. Suppose s - 25 = 5*n, 4 = 2*s + n - q. Suppose -4*u + 29 = s*g, -2*u + 1 - 9 = 0. Is g a multiple of 5?
False
Let p = 398 - 269. Let l = 203 - p. Let f = -42 + l. Is 13 a factor of f?
False
Let b be 0/(0 - (-3 - -5)). Let s(y) = y + 16. Does 9 divide s(b)?
False
Suppose 0 = -19*v + 16*v. Suppose 2*t = -4*r + 7*t + 107, v = -2*r + t + 61. Does 12 divide r?
False
Suppose -1168 = -9*u + u. Is 19 a factor of u?
False
Let t = -32 - -56. Is 8 a factor of t?
True
Suppose 0*d + 5*d = 50. Is (32/(-10))/(d/(-100)) a multiple of 10?
False
Suppose -l + 27 = -4*l. Let w(d) = d + 11. Let t be w(l). Suppose -t*c - c + y = -74, -2*c + 3*y + 54 = 0. Is c a multiple of 8?
True
Let h(s) = s**2 - s - 2. Let b be h(-2). Suppose 20 = -3*l - 4. Does 13 divide (b/l)/((-1)/52)?
True
Suppose 4*j - 122 = 434. Suppose 4*z - 2*b = 130, 5*z + 3*b + 4 = j. Is z a multiple of 15?
True
Let j(x) be the second derivative of 0 - 1/3*x**4 - 1/3*x**3 + 3*x - 1/20*x**5 + 1/2*x**2. Does 3 divide j(-4)?
True
Let b be 5 - (-4)/((-16)/12). Suppose -b = -2*u, 11 = q - 2*u - 1. Does 14 divide q?
True
Is 17 a factor of 43 + 9/(-3)*1?
False
Let i(n) = 4*n**2 - 6*n + 5. Let p be i(7). Suppose -3*g = -6*g + p. Is g a multiple of 17?
False
Suppose -4*h = 4, 0*h + 2*h + 6 = 2*y. Is 3 a factor of y - -4 - (-3 + -1)?
False
Let s be (0 + -1)*1 - -19. Let v be (s/15)/2*5. Let n(h) = -h**3 + 3*h**2 + 2*h + 3. Is n(v) a multiple of 9?
True
Suppose -d + 3069 = 2*d. Is 12 a factor of d/22 + 2/(-4)?
False
Let d = 10 + -6. Suppose -d*b + 0 = -8. Does 2 divide b?
True
Let k = 1 - 13. Let h be (-30)/(-8) + (-3)/k. Let v = h + 6. Is 5 a factor of v?
True
Suppose -531 = -4*t + 5*o, o + 519 = 2*t + 2*t. Is t a multiple of 20?
False
Let r(m) be the third derivative of m**6/60 - m**5/20 - m**4/8 - 2*m**3/3 - 2*m**2. Let z = 0 + 3. Is 11 a factor of r(z)?
False
Suppose 3 - 1 = l. Suppose 2*d = -3*f + 172, 5*d - 2*d - 108 = -l*f. Is f a multiple of 16?
False
Let n(d) = d**2 - 2*d - 1. Let a be n(-1). Let z be -2 + -17 + 1 - a. Let c = z - -31. Is c a multiple of 11?
True
Let d(v) = -v**3 + 6*v**2 + v + 7. Is d(6) a multiple of 2?
False
Let f be (4 - 3)/((-1)/(-3)). Suppose -4*a - 3*x + x + 62 = 0, 0 = -a - f*x + 8. Is a a multiple of 17?
True
Let b be (-40)/(-18) - (-4)/(-18). Suppose -2*t = -b*w + 50, -4*w - 7*t + 2*t = -82. Is 15 a factor of w?
False
Let r(n) = -3 - 16 + n + 2 - n**2. Let j be r(0). Let g = 7 - j. Is g a multiple of 18?
False
Suppose -5*s + 305 - 75 = 0. Is s a multiple of 18?
False
Is ((-63)/5)/(236/80 - 3) a multiple of 37?
False
Suppose 7*f - 2*f + 115 = 0. Let y = 9 - f. Suppose -4*v + y = -3*v. Does 11 divide v?
False
Let w = 4 - 3. Is (8/(-20))/(w/(-30)) a multiple of 12?
True
Let r = 0 - -1. Let s(b) = 46*b. Let v be s(r). Suppose -c = c - v. Does 14 divide c?
False
Let x(w) = w**3 + 6*w**2 - w + 8. Let p be x(-6). Let s = p + -3. Is s a multiple of 3?
False
Suppose -4*r - 786 = -5*a, -12 = -0*r + 3*r. Let w = a + -89. Suppose 0 = 4*m + 25 - w. Is m a multiple of 10?
True
Let l be (-1)/3 + (-21)/(-9). Let a be 38/4*(-2 - -6). Does 8 divide 1/(l/(a*1))?
False
Suppose -k + 5*j - 9 = 4, -33 = -4*k + 3*j. Suppose 0 = -f - 8*n + 3*n - 5, -n = -2*f + k. Is 3 a factor of f?
False
Suppose -4*j + 30 = -j + 2*y, 2*j + 2*y - 18 = 0. Is j a multiple of 2?
True
Let g be 2*(-3)/(-2)*1. Suppose -6*y - 7 = -37. Let c = y - g. Is 2 a factor of c?
True
Suppose -5 + 0 = -o. Let n = o + 1. Suppose -n*c + 3*c + 24 = 0. Does 6 divide c?
False
Does 10 divide ((-60)/(-14))/((-9)/(-63))?
True
Let p(x) = -9*x - 2. Let f be p(7). Let c = -34 - f. Is c a multiple of 8?
False
Let d(q) = -q**3 + 3*q**2 + 2*q - 3. Let v be d(3). Suppose v*r = 2*r + 36. Is 12 a factor of r?
True
Suppose 5*t + 38 = d + 8, -2*t + 58 = d. Let y(g) = -g**2 + 3*g + 4. Let a be y(3). Suppose -f = 2*o + f - d, -2*o + 32 = -a*f. Is o a multiple of 11?
True
Let q(i) = i**3 - 8*i**2 + 6*i + 5. Let o be q(7). Let v = o + 7. Suppose 34 = 3*r - v*d, -5*d = 3*r - r - 31. Does 10 divide r?
False
Suppose 3*d - 11 = 2*z + 9, 0 = -z - 1. Suppose -d*a = -3*a - 18. Is 6 a factor of a?
True
Let y(l) = 11*l - 4. Does 20 divide y(6)?
False
Is (-12)/4 + 1 - 33/(-3) a multiple of 7?
False
Suppose 2*v = 4*h + 324, 5*v - 286 = 5*h + 114. Let n = h - -44. Let u = n - -61. Is 12 a factor of u?
False
Let w(y) = y**3 + 5*y**2 + 7*y + 2. Let h(z) = -z**2 - z. Let s(f) = 4*h(f) + w(f). Let p be s(-2). Let t = 2 - p. Is 10 a factor of t?
True
Suppose c - 62 = -z, 4*c - 6*c + z = -118. Does 13 divide c?
False
Let j(w) = w + 2*w + 3 - 2*w. Let x be j(-4). Does 9 divide x - (-3)/(-3) - -25?
False
Let z(c) = -2*c + 3. Does 7 divide z(-11)?
False
Suppose f + 4*f - 310 = 0. Does 19 divide f?
False
Suppose -83 - 525 = -4*m. Let y = -263 + 159. Let g = y + m. Does 15 divide g?
False
Let z = 0 - 0. Suppose z = c + c - 30. Suppose 2*q + c = 3*t, 3*q - 15 = -2*q. Does 7 divide t?
True
Suppose -27 = -2*h + 63. Is 20 a factor of h?
False
Let n(u) = 7*u - 26. Let o(g) = 5*g - 17. Let i(d) = -5*n(d) + 8*o(d). Suppose -4*x + 2 + 14 = 0. Does 5 divide i(x)?
False
Let v(h) = -h**3 + 6*h**2 - 1. Let i be v(6). Let z = i - 11. Let f = z + 36. Is 12 a factor of f?
True
Let g = -25 - -39. Is g a multiple of 14?
True
Suppose 74 + 40 = 3*m. Is m a multiple of 19?
True
Let u = 7 + -7. Suppose u = 3*j - 42 + 6. Is j a multiple of 5?
False
Let z = 160 + 0. Does 32 divide z?
True
Suppose -4*x + 31 = -y - 53, -2*y = -8. Is x a multiple of 11?
True
Let l = 11 + 13. Is ((-30)/(-4))/(18/l) a multiple of 5?
True
Suppose -2 = q - 4*p + 3, -5*q + 2*p + 29 = 0. Suppose -r = -9 - q. Does 8 divide r?
True
Let s(x) = x - 4. Let i be s(6). Is i*(-42)/(-4) - -1 a multiple of 11?
True
Le